{"id":9,"date":"2024-08-22T19:09:56","date_gmt":"2024-08-22T17:09:56","guid":{"rendered":"https:\/\/digitalleapafrica.com\/?page_id=9"},"modified":"2024-09-30T18:19:39","modified_gmt":"2024-09-30T16:19:39","slug":"services","status":"publish","type":"page","link":"https:\/\/digitalleapafrica.com\/index.php\/services\/","title":{"rendered":"Services"},"content":{"rendered":"\n<div class=\"wp-block-group alignfull six-services has-gray-background-color has-background is-layout-constrained wp-container-core-group-is-layout-0929ba60 wp-block-group-is-layout-constrained\" style=\"margin-top:0;margin-bottom:var(--wp--preset--spacing--xx-large);padding-top:var(--wp--preset--spacing--medium);padding-right:0;padding-bottom:var(--wp--preset--spacing--medium);padding-left:0\">\n<div style=\"height:1rem\" aria-hidden=\"true\" class=\"wp-block-spacer\"><\/div>\n\n\n\n<h2 class=\"wp-block-heading has-text-align-center p-animation-text-moveUp has-blue-color has-text-color has-link-color wp-elements-551189fe8ccfc8b217b6f7c8baa5aa92\">Les solutions que nous proposons<\/h2>\n\n\n\n<p class=\"has-text-align-center p-animation-text-moveUp\">Offrir des solutions num\u00e9riques innovantes, de la transformation digitale \u00e0 l&rsquo;accompagnement des startups.<\/p>\n\n\n\n<div class=\"wp-block-columns p-animation-text-moveUp is-layout-flex wp-container-core-columns-is-layout-df70c5d9 wp-block-columns-is-layout-flex\" style=\"padding-top:var(--wp--preset--spacing--medium);padding-bottom:var(--wp--preset--spacing--medium)\">\n<div class=\"wp-block-column is-vertically-aligned-center has-white-background-color has-background is-layout-flow wp-block-column-is-layout-flow\" style=\"padding-top:var(--wp--preset--spacing--large);padding-right:var(--wp--preset--spacing--small);padding-bottom:var(--wp--preset--spacing--large);padding-left:var(--wp--preset--spacing--small)\">\n<figure class=\"wp-block-image aligncenter size-full is-resized\"><a href=\"https:\/\/digitalleapafrica.com\/index.php\/2024\/09\/30\/digitalisation-dentreprise\/\" target=\"_blank\" rel=\"noreferrer noopener\"><img decoding=\"async\" src=\"https:\/\/digitalleapafrica.com\/wp-content\/themes\/Digital-Leap-Website\/assets\/img\/patterns\/icons\/user-friendly.svg\" alt=\"\" class=\"wp-image-253\" style=\"width:40px;height:40px\"\/><\/a><\/figure>\n\n\n\n<h5 class=\"wp-block-heading has-text-align-center\" style=\"padding-top:var(--wp--preset--spacing--xx-small);letter-spacing:-0.04em;line-height:1.1\">D\u00e9veloppement et Solutions Num\u00e9riques<\/h5>\n\n\n\n<p class=\"has-text-align-center\">Nous cr\u00e9ons des solutions num\u00e9riques sur mesure pour r\u00e9pondre aux besoins sp\u00e9cifiques de chaque entreprise.<\/p>\n<\/div>\n\n\n\n<div class=\"wp-block-column is-vertically-aligned-center has-grey-background-color has-white-background-color has-background is-layout-flow wp-block-column-is-layout-flow\" style=\"padding-top:var(--wp--preset--spacing--large);padding-right:var(--wp--preset--spacing--small);padding-bottom:var(--wp--preset--spacing--large);padding-left:var(--wp--preset--spacing--small)\">\n<figure class=\"wp-block-image aligncenter size-full is-resized\"><a href=\"https:\/\/digitalleapafrica.com\/index.php\/2024\/09\/30\/amelioration-de-la-performance\/\" target=\"_blank\" rel=\"noreferrer noopener\"><img decoding=\"async\" src=\"https:\/\/digitalleapafrica.com\/wp-content\/themes\/Digital-Leap-Website\/assets\/img\/patterns\/icons\/collaboration-support.svg\" alt=\"\" class=\"wp-image-254\" style=\"width:40px;height:40px\"\/><\/a><\/figure>\n\n\n\n<h5 class=\"wp-block-heading has-text-align-center\" style=\"padding-top:var(--wp--preset--spacing--xx-small);letter-spacing:-0.03em;line-height:1.1\">Services de Conseil et Accompagnement<\/h5>\n\n\n\n<p class=\"has-text-align-center\">Nous vous aidons \u00e0 transformer vos id\u00e9es num\u00e9riques en r\u00e9ussites, en optimisant chaque \u00e9tape de votre projet.<\/p>\n<\/div>\n\n\n\n<div class=\"wp-block-column is-vertically-aligned-center has-white-background-color has-background is-layout-flow wp-block-column-is-layout-flow\" style=\"border-style:none;border-width:0px;padding-top:var(--wp--preset--spacing--large);padding-right:var(--wp--preset--spacing--small);padding-bottom:var(--wp--preset--spacing--large);padding-left:var(--wp--preset--spacing--small)\">\n<figure class=\"wp-block-image aligncenter size-full is-resized\"><a href=\"https:\/\/digitalleapafrica.com\/index.php\/2024\/09\/30\/amelioration-continue\/\" target=\"_blank\" rel=\"noreferrer noopener\"><img decoding=\"async\" src=\"https:\/\/digitalleapafrica.com\/wp-content\/themes\/Digital-Leap-Website\/assets\/img\/patterns\/icons\/check-square.svg\" alt=\"\" class=\"wp-image-256\" style=\"width:40px;height:40px\"\/><\/a><\/figure>\n\n\n\n<h5 class=\"wp-block-heading has-text-align-center\" style=\"padding-top:var(--wp--preset--spacing--xx-small);letter-spacing:-0.03em;line-height:1.1\">Recherche, D\u00e9veloppement et Innovation<\/h5>\n\n\n\n<p class=\"has-text-align-center\">Nous d\u00e9veloppons des applications innovantes en utilisant des outils de pointe pour relever vos d\u00e9fis sp\u00e9cifiques avec efficacit\u00e9.<\/p>\n<\/div>\n<\/div>\n\n\n\n<p><\/p>\n\n\n\n<div class=\"wp-block-columns p-animation-text-moveUp is-layout-flex wp-container-core-columns-is-layout-c0ed80d6 wp-block-columns-is-layout-flex\" style=\"padding-top:0;padding-bottom:var(--wp--preset--spacing--large)\">\n<div class=\"wp-block-column is-vertically-aligned-center has-white-background-color has-background is-layout-flow wp-block-column-is-layout-flow\" style=\"padding-top:var(--wp--preset--spacing--large);padding-right:var(--wp--preset--spacing--small);padding-bottom:var(--wp--preset--spacing--large);padding-left:var(--wp--preset--spacing--small)\">\n<figure class=\"wp-block-image aligncenter size-full is-resized\"><img decoding=\"async\" src=\"https:\/\/digitalleapafrica.com\/wp-content\/themes\/Digital-Leap-Website\/assets\/img\/patterns\/icons\/user-check.svg\" alt=\"\" class=\"wp-image-253\" style=\"width:40px;height:40px\"\/><\/figure>\n\n\n\n<h5 class=\"wp-block-heading has-text-align-center\" style=\"padding-top:var(--wp--preset--spacing--xx-small);letter-spacing:-0.04em;line-height:1.1\">Vente et Commercialisation de Produits Num\u00e9riques<\/h5>\n\n\n\n<p class=\"has-text-align-center\">D\u00e9couvrez nos solutions technologiques, de logiciels aux \u00e9quipements informatiques, pour booster votre activit\u00e9.<\/p>\n<\/div>\n\n\n\n<div class=\"wp-block-column is-vertically-aligned-center has-grey-background-color has-white-background-color has-background is-layout-flow wp-block-column-is-layout-flow\" style=\"padding-top:var(--wp--preset--spacing--large);padding-right:var(--wp--preset--spacing--small);padding-bottom:var(--wp--preset--spacing--large);padding-left:var(--wp--preset--spacing--small)\">\n<figure class=\"wp-block-image aligncenter size-full is-resized\"><a href=\"https:\/\/digitalleapafrica.com\/index.php\/2024\/09\/30\/cyber-securite\/\" target=\"_blank\" rel=\"noreferrer noopener\"><img decoding=\"async\" src=\"https:\/\/digitalleapafrica.com\/wp-content\/themes\/Digital-Leap-Website\/assets\/img\/patterns\/icons\/code.svg\" alt=\"\" class=\"wp-image-254\" style=\"width:40px;height:40px\"\/><\/a><\/figure>\n\n\n\n<h5 class=\"wp-block-heading has-text-align-center\" style=\"padding-top:var(--wp--preset--spacing--xx-small);letter-spacing:-0.03em;line-height:1.1\">Cybers\u00e9curit\u00e9 et Interm\u00e9diation Financi\u00e8re<\/h5>\n\n\n\n<p class=\"has-text-align-center\">Nous accompagnons les startups avec des strat\u00e9gies sur mesure, des incubateurs et un soutien actif pour lever des fonds.<\/p>\n<\/div>\n\n\n\n<div class=\"wp-block-column is-vertically-aligned-center has-white-background-color has-background is-layout-flow wp-block-column-is-layout-flow\" style=\"border-style:none;border-width:0px;padding-top:var(--wp--preset--spacing--large);padding-right:var(--wp--preset--spacing--small);padding-bottom:var(--wp--preset--spacing--large);padding-left:var(--wp--preset--spacing--small)\">\n<figure class=\"wp-block-image aligncenter size-full is-resized\"><a href=\"https:\/\/digitalleapafrica.com\/index.php\/2024\/09\/30\/gestion-et-conduite-de-projet\/\" target=\"_blank\" rel=\"noreferrer noopener\"><img decoding=\"async\" src=\"https:\/\/digitalleapafrica.com\/wp-content\/themes\/Digital-Leap-Website\/assets\/img\/patterns\/icons\/command.svg\" alt=\"\" class=\"wp-image-256\" style=\"width:40px;height:40px\"\/><\/a><\/figure>\n\n\n\n<h5 class=\"wp-block-heading has-text-align-center\" style=\"padding-top:var(--wp--preset--spacing--xx-small);letter-spacing:-0.03em;line-height:1.1\">Formation et \u00c9v\u00e9nements<\/h5>\n\n\n\n<p class=\"has-text-align-center\">Nous offrons des formations sp\u00e9cialis\u00e9es pour d\u00e9velopper vos comp\u00e9tences num\u00e9riques et technologiques.    <\/p>\n\n\n\n<p class=\"has-text-align-center\">.<\/p>\n<\/div>\n<\/div>\n<\/div>\n\n\n\n<div class=\"wp-block-group why-choose-us p-animation-text-moveUp has-surface-background-color has-background is-layout-constrained wp-container-core-group-is-layout-515ed75b wp-block-group-is-layout-constrained\" style=\"padding-top:var(--wp--preset--spacing--large);padding-right:0;padding-bottom:var(--wp--preset--spacing--x-large);padding-left:0\">\n<h2 class=\"wp-block-heading has-text-align-center\">Faites passer votre id\u00e9e au niveau sup\u00e9rieur<\/h2>\n\n\n\n<p class=\"has-text-align-center\" style=\"padding-bottom:var(--wp--preset--spacing--small)\">Lib\u00e9rez le pouvoir de la cr\u00e9ativit\u00e9<\/p>\n\n\n\n<div class=\"wp-block-columns is-layout-flex wp-container-core-columns-is-layout-010e51cd wp-block-columns-is-layout-flex\">\n<div class=\"wp-block-column is-layout-flow wp-block-column-is-layout-flow\">\n<figure class=\"wp-block-image size-full has-custom-border\"><img decoding=\"async\" src=\"https:\/\/digitalleapafrica.com\/wp-content\/themes\/Digital-Leap-Website\/assets\/img\/patterns\/why-choose-us-1.jpg\" alt=\"\" class=\"wp-image-91\" style=\"border-radius:6px\"\/><\/figure>\n\n\n\n<h3 class=\"wp-block-heading\" style=\"padding-top:var(--wp--preset--spacing--medium);padding-bottom:0;letter-spacing:-0.02em;line-height:1.2\">Beau design de site Web avec UI\/UX moderne<\/h3>\n\n\n\n<p style=\"margin-bottom:var(--wp--preset--spacing--medium)\">Cr\u00e9ez un site Web au design \u00e9l\u00e9gant et \u00e0 l\u2019interface utilisateur intuitive, optimis\u00e9 pour une exp\u00e9rience utilisateur exceptionnelle. Nous concevons des interfaces modernes qui captivent vos visiteurs et favorisent l\u2019engagement.<\/p>\n<\/div>\n\n\n\n<div class=\"wp-block-column is-layout-flow wp-block-column-is-layout-flow\">\n<h3 class=\"wp-block-heading\" style=\"padding-bottom:0;letter-spacing:-0.02em;line-height:1.2\">Renforcer votre strat\u00e9gie de marketing num\u00e9rique<\/h3>\n\n\n\n<p style=\"margin-bottom:var(--wp--preset--spacing--medium)\">Optimisez votre strat\u00e9gie marketing digital avec des solutions innovantes, adapt\u00e9es \u00e0 vos objectifs commerciaux. Notre \u00e9quipe vous accompagne pour maximiser votre impact en ligne et atteindre vos clients cibles.<\/p>\n\n\n\n<div class=\"wp-block-buttons is-layout-flex wp-block-buttons-is-layout-flex\" style=\"margin-bottom:var(--wp--preset--spacing--x-large)\"><\/div>\n\n\n\n<figure class=\"wp-block-image size-full has-custom-border\"><img decoding=\"async\" src=\"https:\/\/digitalleapafrica.com\/wp-content\/themes\/Digital-Leap-Website\/assets\/img\/patterns\/why-choose-us-2.jpg\" alt=\"\" class=\"wp-image-92\" style=\"border-radius:6px\"\/><\/figure>\n<\/div>\n<\/div>\n<\/div>\n","protected":false},"excerpt":{"rendered":"<p>Les solutions que nous proposons Offrir des solutions num\u00e9riques innovantes, de la transformation digitale \u00e0&hellip;<\/p>\n","protected":false},"author":1,"featured_media":97,"parent":0,"menu_order":0,"comment_status":"closed","ping_status":"closed","template":"","meta":{"footnotes":""},"class_list":["post-9","page","type-page","status-publish","has-post-thumbnail","hentry"],"_links":{"self":[{"href":"https:\/\/digitalleapafrica.com\/index.php\/wp-json\/wp\/v2\/pages\/9","targetHints":{"allow":["GET"]}}],"collection":[{"href":"https:\/\/digitalleapafrica.com\/index.php\/wp-json\/wp\/v2\/pages"}],"about":[{"href":"https:\/\/digitalleapafrica.com\/index.php\/wp-json\/wp\/v2\/types\/page"}],"author":[{"embeddable":true,"href":"https:\/\/digitalleapafrica.com\/index.php\/wp-json\/wp\/v2\/users\/1"}],"replies":[{"embeddable":true,"href":"https:\/\/digitalleapafrica.com\/index.php\/wp-json\/wp\/v2\/comments?post=9"}],"version-history":[{"count":32,"href":"https:\/\/digitalleapafrica.com\/index.php\/wp-json\/wp\/v2\/pages\/9\/revisions"}],"predecessor-version":[{"id":418,"href":"https:\/\/digitalleapafrica.com\/index.php\/wp-json\/wp\/v2\/pages\/9\/revisions\/418"}],"wp:featuredmedia":[{"embeddable":true,"href":"https:\/\/digitalleapafrica.com\/index.php\/wp-json\/wp\/v2\/media\/97"}],"wp:attachment":[{"href":"https:\/\/digitalleapafrica.com\/index.php\/wp-json\/wp\/v2\/media?parent=9"}],"curies":[{"name":"wp","href":"https:\/\/api.w.org\/{rel}","templated":true}]}}